{"id":54,"date":"2025-01-13T12:49:48","date_gmt":"2025-01-13T12:49:48","guid":{"rendered":"https:\/\/chnuschti-fuschti.ch\/?page_id=54"},"modified":"2026-02-19T21:05:58","modified_gmt":"2026-02-19T21:05:58","slug":"verkauf","status":"publish","type":"page","link":"https:\/\/chnuschti-fuschti.ch\/?page_id=54","title":{"rendered":"Verkauf"},"content":{"rendered":"<h4>Diverse Masken zu verkaufen oder zu vermieten, jeweils auf Anfrage:<\/h4>\n<p><img loading=\"lazy\" decoding=\"async\" class=\"alignnone size-medium wp-image-174\" src=\"https:\/\/chnuschti-fuschti.ch\/wp-content\/uploads\/2025\/11\/20250225_062819-225x300.jpg\" alt=\"\" width=\"225\" height=\"300\" srcset=\"https:\/\/chnuschti-fuschti.ch\/wp-content\/uploads\/2025\/11\/20250225_062819-225x300.jpg 225w, https:\/\/chnuschti-fuschti.ch\/wp-content\/uploads\/2025\/11\/20250225_062819.jpg 400w\" sizes=\"auto, (max-width: 225px) 100vw, 225px\" \/>\u00a0 \u00a0 \u00a0<img loading=\"lazy\" decoding=\"async\" class=\"alignnone size-medium wp-image-195\" src=\"https:\/\/chnuschti-fuschti.ch\/wp-content\/uploads\/2026\/02\/Dreirad-225x300.jpg\" alt=\"\" width=\"225\" height=\"300\" srcset=\"https:\/\/chnuschti-fuschti.ch\/wp-content\/uploads\/2026\/02\/Dreirad-225x300.jpg 225w, https:\/\/chnuschti-fuschti.ch\/wp-content\/uploads\/2026\/02\/Dreirad-768x1024.jpg 768w, https:\/\/chnuschti-fuschti.ch\/wp-content\/uploads\/2026\/02\/Dreirad.jpg 900w\" sizes=\"auto, (max-width: 225px) 100vw, 225px\" \/>\u00a0 \u00a0 \u00a0zu verkaufen CHF 900.- \/ Dreirad-Velo mit Elektroantrieb und LED Beleuchtung<\/p>\n<p><img loading=\"lazy\" decoding=\"async\" class=\"alignnone size-medium wp-image-68\" src=\"https:\/\/chnuschti-fuschti.ch\/wp-content\/uploads\/2025\/01\/Familie-Thrier-am-Wey-Umzug-300x200.jpeg\" alt=\"\" width=\"300\" height=\"200\" srcset=\"https:\/\/chnuschti-fuschti.ch\/wp-content\/uploads\/2025\/01\/Familie-Thrier-am-Wey-Umzug-300x200.jpeg 300w, https:\/\/chnuschti-fuschti.ch\/wp-content\/uploads\/2025\/01\/Familie-Thrier-am-Wey-Umzug-1024x683.jpeg 1024w, https:\/\/chnuschti-fuschti.ch\/wp-content\/uploads\/2025\/01\/Familie-Thrier-am-Wey-Umzug.jpeg 1314w\" sizes=\"auto, (max-width: 300px) 100vw, 300px\" \/> <img loading=\"lazy\" decoding=\"async\" class=\"alignnone wp-image-166\" src=\"https:\/\/chnuschti-fuschti.ch\/wp-content\/uploads\/2025\/11\/IMG-20200225-WA0007-300x225.jpg\" alt=\"\" width=\"272\" height=\"204\" srcset=\"https:\/\/chnuschti-fuschti.ch\/wp-content\/uploads\/2025\/11\/IMG-20200225-WA0007-300x225.jpg 300w, https:\/\/chnuschti-fuschti.ch\/wp-content\/uploads\/2025\/11\/IMG-20200225-WA0007-1024x768.jpg 1024w, https:\/\/chnuschti-fuschti.ch\/wp-content\/uploads\/2025\/11\/IMG-20200225-WA0007.jpg 2000w\" sizes=\"auto, (max-width: 272px) 100vw, 272px\" \/> <img loading=\"lazy\" decoding=\"async\" class=\"alignnone size-medium wp-image-56\" src=\"https:\/\/chnuschti-fuschti.ch\/wp-content\/uploads\/2025\/01\/67-300x200.jpg\" alt=\"\" width=\"300\" height=\"200\" srcset=\"https:\/\/chnuschti-fuschti.ch\/wp-content\/uploads\/2025\/01\/67-300x200.jpg 300w, https:\/\/chnuschti-fuschti.ch\/wp-content\/uploads\/2025\/01\/67-1024x683.jpg 1024w, https:\/\/chnuschti-fuschti.ch\/wp-content\/uploads\/2025\/01\/67.jpg 1920w\" sizes=\"auto, (max-width: 300px) 100vw, 300px\" \/>\u00a0zu verkaufen<\/p>\n<p><img loading=\"lazy\" decoding=\"async\" class=\"alignnone size-medium wp-image-168\" src=\"https:\/\/chnuschti-fuschti.ch\/wp-content\/uploads\/2025\/11\/2023-300x225.jpg\" alt=\"\" width=\"300\" height=\"225\" srcset=\"https:\/\/chnuschti-fuschti.ch\/wp-content\/uploads\/2025\/11\/2023-300x225.jpg 300w, https:\/\/chnuschti-fuschti.ch\/wp-content\/uploads\/2025\/11\/2023-1024x768.jpg 1024w, https:\/\/chnuschti-fuschti.ch\/wp-content\/uploads\/2025\/11\/2023-2000x1500.jpg 2000w\" sizes=\"auto, (max-width: 300px) 100vw, 300px\" \/> Fasnacht Maske zu mieten<\/p>\n<p><img loading=\"lazy\" decoding=\"async\" class=\"alignnone size-medium wp-image-34\" src=\"https:\/\/chnuschti-fuschti.ch\/wp-content\/uploads\/2024\/06\/cropped-2024-300x172.jpg\" alt=\"\" width=\"300\" height=\"172\" srcset=\"https:\/\/chnuschti-fuschti.ch\/wp-content\/uploads\/2024\/06\/cropped-2024-300x172.jpg 300w, https:\/\/chnuschti-fuschti.ch\/wp-content\/uploads\/2024\/06\/cropped-2024-1024x588.jpg 1024w, https:\/\/chnuschti-fuschti.ch\/wp-content\/uploads\/2024\/06\/cropped-2024.jpg 2000w\" sizes=\"auto, (max-width: 300px) 100vw, 300px\" \/> Fasnacht Maske zu mieten, zu kaufen. Anfrage \u00fcber Kontaktformular.<\/p>\n<p>S\u00e4mtliche Bilder sind urheberrechtlich gesch\u00fctzt und Eigentum. Eine Weiterverwendung ohne Genehmigung ist nicht gestattet.<\/p>\n","protected":false},"excerpt":{"rendered":"<p>Diverse Masken zu verkaufen oder zu vermieten, jeweils auf Anfrage: \u00a0 \u00a0 \u00a0\u00a0 \u00a0 \u00a0zu verkaufen CHF 900.- \/ Dreirad-Velo mit Elektroantrieb und LED Beleuchtung \u00a0zu verkaufen Fasnacht Maske zu mieten Fasnacht Maske zu mieten, zu kaufen. Anfrage \u00fcber Kontaktformular. S\u00e4mtliche Bilder sind urheberrechtlich gesch\u00fctzt und Eigentum. Eine Weiterverwendung ohne Genehmigung ist nicht gestattet.<\/p>\n","protected":false},"author":3,"featured_media":0,"parent":0,"menu_order":0,"comment_status":"closed","ping_status":"closed","template":"","meta":{"inspiro_hide_title":false,"footnotes":""},"class_list":["post-54","page","type-page","status-publish","hentry"],"_links":{"self":[{"href":"https:\/\/chnuschti-fuschti.ch\/index.php?rest_route=\/wp\/v2\/pages\/54","targetHints":{"allow":["GET"]}}],"collection":[{"href":"https:\/\/chnuschti-fuschti.ch\/index.php?rest_route=\/wp\/v2\/pages"}],"about":[{"href":"https:\/\/chnuschti-fuschti.ch\/index.php?rest_route=\/wp\/v2\/types\/page"}],"author":[{"embeddable":true,"href":"https:\/\/chnuschti-fuschti.ch\/index.php?rest_route=\/wp\/v2\/users\/3"}],"replies":[{"embeddable":true,"href":"https:\/\/chnuschti-fuschti.ch\/index.php?rest_route=%2Fwp%2Fv2%2Fcomments&post=54"}],"version-history":[{"count":11,"href":"https:\/\/chnuschti-fuschti.ch\/index.php?rest_route=\/wp\/v2\/pages\/54\/revisions"}],"predecessor-version":[{"id":196,"href":"https:\/\/chnuschti-fuschti.ch\/index.php?rest_route=\/wp\/v2\/pages\/54\/revisions\/196"}],"wp:attachment":[{"href":"https:\/\/chnuschti-fuschti.ch\/index.php?rest_route=%2Fwp%2Fv2%2Fmedia&parent=54"}],"curies":[{"name":"wp","href":"https:\/\/api.w.org\/{rel}","templated":true}]}}

<h4>Diverse Masken zu verkaufen oder zu vermieten, jeweils auf Anfrage:</h4>
<p><img loading="lazy" decoding="async" class="alignnone size-medium wp-image-174" src="https://chnuschti-fuschti.ch/wp-content/uploads/2025/11/20250225_062819-225x300.jpg" alt="" width="225" height="300" srcset="https://chnuschti-fuschti.ch/wp-content/uploads/2025/11/20250225_062819-225x300.jpg 225w, https://chnuschti-fuschti.ch/wp-content/uploads/2025/11/20250225_062819.jpg 400w" sizes="auto, (max-width: 225px) 100vw, 225px" />     <img loading="lazy" decoding="async" class="alignnone size-medium wp-image-195" src="https://chnuschti-fuschti.ch/wp-content/uploads/2026/02/Dreirad-225x300.jpg" alt="" width="225" height="300" srcset="https://chnuschti-fuschti.ch/wp-content/uploads/2026/02/Dreirad-225x300.jpg 225w, https://chnuschti-fuschti.ch/wp-content/uploads/2026/02/Dreirad-768x1024.jpg 768w, https://chnuschti-fuschti.ch/wp-content/uploads/2026/02/Dreirad.jpg 900w" sizes="auto, (max-width: 225px) 100vw, 225px" />     zu verkaufen CHF 900.- / Dreirad-Velo mit Elektroantrieb und LED Beleuchtung</p>
<p><img loading="lazy" decoding="async" class="alignnone size-medium wp-image-68" src="https://chnuschti-fuschti.ch/wp-content/uploads/2025/01/Familie-Thrier-am-Wey-Umzug-300x200.jpeg" alt="" width="300" height="200" srcset="https://chnuschti-fuschti.ch/wp-content/uploads/2025/01/Familie-Thrier-am-Wey-Umzug-300x200.jpeg 300w, https://chnuschti-fuschti.ch/wp-content/uploads/2025/01/Familie-Thrier-am-Wey-Umzug-1024x683.jpeg 1024w, https://chnuschti-fuschti.ch/wp-content/uploads/2025/01/Familie-Thrier-am-Wey-Umzug.jpeg 1314w" sizes="auto, (max-width: 300px) 100vw, 300px" /> <img loading="lazy" decoding="async" class="alignnone wp-image-166" src="https://chnuschti-fuschti.ch/wp-content/uploads/2025/11/IMG-20200225-WA0007-300x225.jpg" alt="" width="272" height="204" srcset="https://chnuschti-fuschti.ch/wp-content/uploads/2025/11/IMG-20200225-WA0007-300x225.jpg 300w, https://chnuschti-fuschti.ch/wp-content/uploads/2025/11/IMG-20200225-WA0007-1024x768.jpg 1024w, https://chnuschti-fuschti.ch/wp-content/uploads/2025/11/IMG-20200225-WA0007.jpg 2000w" sizes="auto, (max-width: 272px) 100vw, 272px" /> <img loading="lazy" decoding="async" class="alignnone size-medium wp-image-56" src="https://chnuschti-fuschti.ch/wp-content/uploads/2025/01/67-300x200.jpg" alt="" width="300" height="200" srcset="https://chnuschti-fuschti.ch/wp-content/uploads/2025/01/67-300x200.jpg 300w, https://chnuschti-fuschti.ch/wp-content/uploads/2025/01/67-1024x683.jpg 1024w, https://chnuschti-fuschti.ch/wp-content/uploads/2025/01/67.jpg 1920w" sizes="auto, (max-width: 300px) 100vw, 300px" /> zu verkaufen</p>
<p><img loading="lazy" decoding="async" class="alignnone size-medium wp-image-168" src="https://chnuschti-fuschti.ch/wp-content/uploads/2025/11/2023-300x225.jpg" alt="" width="300" height="225" srcset="https://chnuschti-fuschti.ch/wp-content/uploads/2025/11/2023-300x225.jpg 300w, https://chnuschti-fuschti.ch/wp-content/uploads/2025/11/2023-1024x768.jpg 1024w, https://chnuschti-fuschti.ch/wp-content/uploads/2025/11/2023-2000x1500.jpg 2000w" sizes="auto, (max-width: 300px) 100vw, 300px" /> Fasnacht Maske zu mieten</p>
<p><img loading="lazy" decoding="async" class="alignnone size-medium wp-image-34" src="https://chnuschti-fuschti.ch/wp-content/uploads/2024/06/cropped-2024-300x172.jpg" alt="" width="300" height="172" srcset="https://chnuschti-fuschti.ch/wp-content/uploads/2024/06/cropped-2024-300x172.jpg 300w, https://chnuschti-fuschti.ch/wp-content/uploads/2024/06/cropped-2024-1024x588.jpg 1024w, https://chnuschti-fuschti.ch/wp-content/uploads/2024/06/cropped-2024.jpg 2000w" sizes="auto, (max-width: 300px) 100vw, 300px" /> Fasnacht Maske zu mieten, zu kaufen. Anfrage über Kontaktformular.</p>
<p>Sämtliche Bilder sind urheberrechtlich geschützt und Eigentum. Eine Weiterverwendung ohne Genehmigung ist nicht gestattet.</p>

<p>Diverse Masken zu verkaufen oder zu vermieten, jeweils auf Anfrage:           zu verkaufen CHF 900.- / Dreirad-Velo mit Elektroantrieb und LED Beleuchtung  zu verkaufen Fasnacht Maske zu mieten Fasnacht Maske zu mieten, zu kaufen. Anfrage über Kontaktformular. Sämtliche Bilder sind urheberrechtlich geschützt und Eigentum. Eine Weiterverwendung ohne Genehmigung ist nicht gestattet.</p>
